4 and s?
24
Suppose 0 = 5*n + 2*r - 15, 2*r + 5 = -5. Let l(i) = 4*i**2 + 128*i + 488. Let x be l(-4). Let o = n + x. Calculate the highest common divisor of o and 30.
15
Let d = 13077 - 12487. What is the highest common factor of d and 350?
10
Let u be (3 - 3) + 76 + 98. Let i be 73 - 2*2/4. Let q = u - i. Calculate the greatest common divisor of 34 and q.
34
Let c = 18 + -17. Let v = 527 + -517. Calculate the greatest common factor of v and c.
1
Let u = -293 - -292. Let j be (-1 + 2)/u + 943 + -84. Calculate the highest common divisor of 78 and j.
78
Suppose -11*p - 11*p + 8658 = -11076. What is the greatest common divisor of p and 234?
39
Let v = 637 + -562. Suppose -2*s + 36 = j, -s = 3*j - 33 - v. What is the greatest common divisor of 408 and j?
12
Let r(t) = -t**3 + 38*t**2 + 81*t - 38. Let f be r(40). Let a be 1392/(-1 + 5)*(f + -1). Calculate the greatest common divisor of 12 and a.
12
Let m(b) = -b**3 + 8*b**2 - 14. Suppose -2*j - a = -2*a - 9, -j + 12 = 2*a. Let o be m(j). Calculate the highest common factor of o and 87.
29
Let y(i) = 549*i**2 + 2*i - 1. Let k be y(1). Let g(x) = x**3 + 11*x**2 - 240*x + 66. Let u be g(-22). What is the highest common divisor of k and u?
22
Suppose 4*b - 2*t = 58, -1 = -b - 4*t + 9. Let z be (-6*(-6)/(-12))/(6/(-98)). Calculate the greatest common factor of z and b.
7
Let p(y) = -29*y - 647. Let j be p(-25). Let k = 652 + -262. What is the greatest common divisor of k and j?
78
Suppose -3*k - 4*m + 608 = 0, 5*k + 355 = -5*m + 1360. Calculate the highest common divisor of 70 and k.
14
Let f be 42/(-4)*340/(-255). Let q = -3 + 7. Suppose q*o + 160 = 3*g, o - 6 = -2*o. What is the highest common factor of f and g?
14
Suppose 4*m + 10 = -26. Let b(v) = -7*v - 47. Let r be b(m). Calculate the highest common divisor of r and 4.
4
Let y(p) = 112*p + 7676. Let m be y(-67). What is the greatest common divisor of 128 and m?
4
Let u(g) = g**2 + g. Let k be u(-2). Suppose -3*y + 27 = k*f, -y + 2*y + 59 = 5*f. Let a = -3014 + 3026. Calculate the greatest common factor of a and f.
12
Suppose 23*i = 26*i - 12. Suppose -g + 13824 = -i*g. Let m be g/(-20) + 1 + (-2)/5. What is the highest common factor of m and 21?
21
Let a(h) = 2*h**2 - 22*h + 192. Suppose 15 = 2*q + i, 0*i = -q - 5*i + 3. Let d be a(q). What is the highest common factor of d and 18?
18
Suppose -j + 6 + 15 = 4*n, -5*j - n = -29. Suppose -j*a + 57 = -48. Suppose -167*p + 133*p + 2856 = 0. Calculate the highest common factor of a and p.
21
Let b(f) = 2*f**3 + f**2 + 4*f. Let j be b(3). Let z(x) = x**2 - 430*x - 8481. Let d be z(-19). What is the highest common factor of j and d?
25
Suppose 370 = 3*d + 7. Suppose 3*g - 198 = -2*l, 2*g + 2*l = -3*l + d. Let z(q) = 46*q + 63. Let o be z(-1). Calculate the highest common divisor of o and g.
17
Let o(t) be the first derivative of -5*t**2/2 - 26*t + 7. Let d be o(-6). Let r = 585 + -581. Calculate the highest common factor of r and d.
4
Let h(m) = 7 + 3 - 13 + 2*m + 7 + m**2 - 6*m. Let a be h(3). Let q(z) = 2*z**2 + z + 1. Let k be q(2). What is the greatest common divisor of k and a?
1
Let i(n) = -2*n**3 + 74*n**2 - 70*n + 74. Let t be i(36). What is the highest common divisor of t and 2?
2
Let i(r) = 21*r**2 + 2581*r - 238. Let k be i(-123). What is the highest common divisor of 356 and k?
4
Let k = 495 - 290. What is the greatest common factor of k and 738?
41
Let c(d) be the second derivative of -3*d**5/4 + d**4/6 + d**3/6 - d**2 + 42*d. Let n be c(-1). What is the highest common divisor of 84 and n?
14
Let d = 187421 + -187381. Suppose 3*p + 11 = m, p - 5*p = 4. Calculate the highest common factor of d and m.
8
Let v(w) = -w**2 + 6*w - 7. Let o(i) = 8*i - 6. Let t(n) = 3*o(n) - 2*v(n). Let s be t(-8). What is the greatest common divisor of s and 308?
28
Suppose 0 = -7*f - 3*f + 20. Suppose -f*w + 0*w - 2*z + 10 = 0, 3*w = z + 7. Suppose -114 + 24 = -3*b. Calculate the highest common factor of b and w.
3
Suppose -2*d = 5*y - 4*d - 643, -4*d + 492 = 4*y. Let v = y + -63. Calculate the greatest common divisor of v and 160.
32
Let p be (-1*31)/(-11 - (-8000)/728). Calculate the highest common factor of 31 and p.
31
Let i = 89 + 405. What is the greatest common factor of 38 and i?
38
Suppose 3*s = 46*m - 45*m - 243, 4*s + 243 = m. What is the highest common divisor of 459 and m?
27
Let j(f) = 115*f - 1509. Let u be j(14). What is the highest common factor of u and 707?
101
Suppose 0*y + 182 = 2*y. Suppose 27*n = 25*n - 212. Let u = n + 119. Calculate the highest common factor of y and u.
13
Let o = 1540 - -4018. What is the greatest common factor of o and 14?
14
Suppose 184 = 2*c - 266. Suppose -151*w + 90*w + 915 = 0. Calculate the highest common factor of c and w.
15
Suppose -4*z = r - 34, 5*r - 5 = 5. Suppose 0 = -z*u + 1282 + 2174. What is the greatest common divisor of u and 27?
27
Suppose -104 + 84 = -5*t. Let m(h) = 11*h + 4. Let b be m(t). What is the greatest common divisor of 128 and b?
16
Let d(z) = 73*z**3 + 5*z - 2. Let q be d(1). Calculate the greatest common divisor of q and 68.
4
Suppose 0 = -5*b + 1199 + 886. Let l = b + -379. Suppose 4*n + 25 = 4*f - 43, -2*n = f - 23. What is the highest common factor of l and f?
19
Let j be -3*(-104)/6 - 6. Suppose 2*a - 118 = -4*z, -5*z + 3*a = -188 + j. What is the highest common divisor of 232 and z?
29
Let b be -3*1/(15/(-770)). Suppose 123 = 3*d - 75. What is the highest common divisor of d and b?
22
Let g = -70 - -74. Suppose g*m - 65 = 19. Suppose m*y + 14 = 22*y. What is the highest common factor of 56 and y?
14
Let p be 7 - 14 - 6 - -59. Calculate the highest common divisor of 2967 and p.
23
Suppose 4*z - 52 = 3*o, -2*o = 4*z - 2*z + 58. Let y be ((-21)/7)/((-9)/o). Let f be (-560)/y*9/15. What is the greatest common divisor of 378 and f?
42
Let d be 2 - (-9)/(-4) - 39/(-12). Suppose 9*i - 54 = d*i. Suppose -7 = -f + 2. What is the highest common divisor of f and i?
9
Let d(j) = -4*j - 3 + 2*j + 7 + 4. Suppose -2*v - 5*m = 8, 5*v + 20 = -6*m + 8*m. Let f be d(v). What is the highest common divisor of 8 and f?
8
Suppose 7*a + 0*c = -2*c - 140 + 2632, 0 = 5*c. Calculate the highest common factor of 1958 and a.
178
Let g = -209 - -214. Let b be g/30 - 1052/(-24). Suppose 0 = -3*n - 0*n + 792. What is the highest common divisor of n and b?
44
Let d = -440 + 444. Suppose r - 35 = d*o, -6*r + 4*o + 104 = -2*r. Calculate the highest common divisor of 529 and r.
23
Suppose 0 = -39*p + 815 + 1301 + 4124. What is the greatest common divisor of 2060 and p?
20
Let m be 2/(-4 - 3 - 106/(-15)). What is the highest common divisor of 1605 and m?
15
Let o(m) = 157*m + 5282. Let c be o(-31). Calculate the highest common divisor of c and 166.
83
Let a(c) = -2*c**3 - 23*c**2 + 36*c + 61. Let f be a(-13). Calculate the highest common divisor of f and 50.
50
Suppose 48 = -8*z + 3*z - 4*r, 21 = -3*z - 5*r. Let v be (-14)/(-6) + -3 - 3968/z. What is the greatest common divisor of 30 and v?
30
Let v = 18136 - 9820. Calculate the greatest common divisor of 77 and v.
77
Let y(b) = -b**3 + 47*b**2 - 40*b - 174. Let p be y(46). Let c be (-8)/(-2) - -6 - (0 - 2). What is the greatest common divisor of p and c?
6
Suppose -y + 3*y - 4*c = 34, 5*y - 5*c = 80. Suppose -y = 34*t - 35*t. Let g(j) = 3*j - 31. Let d be g(t). What is the greatest common divisor of 2 and d?
2
Let z be 14996/14 - (-444)/518. What is the highest common divisor of 32 and z?
16
Let k be 10 + -8*(-4)/(-8). Let n be (-37)/(-7) - k/21. Suppose 4*f + n*b = 3*f + 26, -5*f + 4*b = 15. What is the greatest common factor of f and 8?
1
Let g be ((-676)/(-234))/(6/351). Calculate the highest common factor of g and 260.
13
Suppose -160 = -4*n - 4*y, 114*y = -3*n + 112*y + 125. Let v be ((-54)/n)/((-12)/740). Calculate the greatest common divisor of v and 2.
2
Let n = -15 + 150. Suppose 5*j + n = 10*j. Calculate the greatest common divisor of j and 27.
27
Let j(c) = 2*c**2 + 10*c - 14. Let h be j(-6). Let p be 967 + 1 + 1 + h + 1. Suppose -p = -7*i - 4*i. What is the greatest common factor of i and 8?
8
Let q be (-42)/189 + 38/27*3. Let z be (q/5)/(11/1540). Calculate the highest common factor of 56 and z.
56
Let r be (-4)/14*35/5. Let o be -3*(r*(-98)/(-12))/1. Let c = 9 - 2. What is the greatest common factor